{"id":1626,"date":"2020-07-31T10:48:18","date_gmt":"2020-07-31T13:48:18","guid":{"rendered":"https:\/\/cursolojawp.cursoemvideo.com\/loja-1\/?post_type=product&#038;p=1626"},"modified":"2022-01-04T09:11:12","modified_gmt":"2022-01-04T12:11:12","slug":"nike-metal-swoosh-h86","status":"publish","type":"product","link":"https:\/\/cursolojawp.cursoemvideo.com\/loja-1\/produto\/nike-metal-swoosh-h86\/","title":{"rendered":"Bon\u00e9 Nike Metal Swoosh H86 Unissex"},"content":{"rendered":"<h2>BON\u00c9 SUPER CONFORT\u00c1VEL E AJUST\u00c1VEL<\/h2>\n<p>O bon\u00e9 ajust\u00e1vel <strong>Nike Metal Swoosh H86<\/strong> possui um fecho customiz\u00e1vel na parte de tr\u00e1s para um ajuste personalizado.<\/p>\n<h2>BENEF\u00cdCIOS<\/h2>\n<ul>\n<li>Design de seis pain\u00e9is com fita interna<\/li>\n<li>Ilh\u00f3s bordados para ventila\u00e7\u00e3o<\/li>\n<li>Fechamento ajust\u00e1vel para um caimento personalizado<\/li>\n<\/ul>\n<h2>DETALHES DO PRODUTO<\/h2>\n<ul>\n<li>Tecido: 100% poli\u00e9ster reciclado<\/li>\n<li>Lavar \u00e0 m\u00e3o<\/li>\n<li>Importado<\/li>\n<\/ul>\n","protected":false},"excerpt":{"rendered":"<p><span style=\"font-weight: 400\">O bon\u00e9 ajust\u00e1vel Nike Metal Swoosh H86 possui um fecho customiz\u00e1vel na parte de tr\u00e1s para um ajuste personalizado.<\/span><\/p>\n","protected":false},"featured_media":1627,"comment_status":"open","ping_status":"closed","template":"","meta":{"_uag_custom_page_level_css":"","site-sidebar-layout":"default","site-content-layout":"default","ast-site-content-layout":"default","site-content-style":"default","site-sidebar-style":"default","ast-global-header-display":"","ast-banner-title-visibility":"","ast-main-header-display":"","ast-hfb-above-header-display":"","ast-hfb-below-header-display":"","ast-hfb-mobile-header-display":"","site-post-title":"","ast-breadcrumbs-content":"","ast-featured-img":"","footer-sml-layout":"","ast-disable-related-posts":"","theme-transparent-header-meta":"default","adv-header-id-meta":"","stick-header-meta":"","header-above-stick-meta":"","header-main-stick-meta":"","header-below-stick-meta":"","astra-migrate-meta-layouts":"default","ast-page-background-enabled":"default","ast-page-background-meta":{"desktop":{"background-color":"","background-image":"","background-repeat":"repeat","background-position":"center center","background-size":"auto","background-attachment":"scroll","background-type":"","background-media":"","overlay-type":"","overlay-color":"","overlay-opacity":"","overlay-gradient":""},"tablet":{"background-color":"","background-image":"","background-repeat":"repeat","background-position":"center center","background-size":"auto","background-attachment":"scroll","background-type":"","background-media":"","overlay-type":"","overlay-color":"","overlay-opacity":"","overlay-gradient":""},"mobile":{"background-color":"","background-image":"","background-repeat":"repeat","background-position":"center center","background-size":"auto","background-attachment":"scroll","background-type":"","background-media":"","overlay-type":"","overlay-color":"","overlay-opacity":"","overlay-gradient":""}},"ast-content-background-meta":{"desktop":{"background-color":"var(--ast-global-color-5)","background-image":"","background-repeat":"repeat","background-position":"center center","background-size":"auto","background-attachment":"scroll","background-type":"","background-media":"","overlay-type":"","overlay-color":"","overlay-opacity":"","overlay-gradient":""},"tablet":{"background-color":"var(--ast-global-color-5)","background-image":"","background-repeat":"repeat","background-position":"center center","background-size":"auto","background-attachment":"scroll","background-type":"","background-media":"","overlay-type":"","overlay-color":"","overlay-opacity":"","overlay-gradient":""},"mobile":{"background-color":"var(--ast-global-color-5)","background-image":"","background-repeat":"repeat","background-position":"center center","background-size":"auto","background-attachment":"scroll","background-type":"","background-media":"","overlay-type":"","overlay-color":"","overlay-opacity":"","overlay-gradient":""}}},"pwb-brand":[73],"product_brand":[],"product_cat":[74,75],"product_tag":[77,76],"class_list":{"0":"post-1626","1":"product","2":"type-product","3":"status-publish","4":"has-post-thumbnail","6":"pwb-brand-nike","7":"product_cat-acessorios","8":"product_cat-bones","9":"product_tag-casual","10":"product_tag-unissex","11":"desktop-align-left","12":"tablet-align-left","13":"mobile-align-left","15":"first","16":"instock","17":"sale","18":"shipping-taxable","19":"purchasable","20":"product-type-simple"},"uagb_featured_image_src":{"full":["https:\/\/cursolojawp.cursoemvideo.com\/loja-1\/wp-content\/uploads\/2020\/07\/bone-nike-metal-swoosh-h86-unissex-1.jpg",1024,1024,false],"thumbnail":["https:\/\/cursolojawp.cursoemvideo.com\/loja-1\/wp-content\/uploads\/2020\/07\/bone-nike-metal-swoosh-h86-unissex-1-150x150.jpg",150,150,true],"medium":["https:\/\/cursolojawp.cursoemvideo.com\/loja-1\/wp-content\/uploads\/2020\/07\/bone-nike-metal-swoosh-h86-unissex-1-300x300.jpg",300,300,true],"medium_large":["https:\/\/cursolojawp.cursoemvideo.com\/loja-1\/wp-content\/uploads\/2020\/07\/bone-nike-metal-swoosh-h86-unissex-1-768x768.jpg",768,768,true],"large":["https:\/\/cursolojawp.cursoemvideo.com\/loja-1\/wp-content\/uploads\/2020\/07\/bone-nike-metal-swoosh-h86-unissex-1-1024x1024.jpg",1024,1024,true],"1536x1536":["https:\/\/cursolojawp.cursoemvideo.com\/loja-1\/wp-content\/uploads\/2020\/07\/bone-nike-metal-swoosh-h86-unissex-1.jpg",1024,1024,false],"2048x2048":["https:\/\/cursolojawp.cursoemvideo.com\/loja-1\/wp-content\/uploads\/2020\/07\/bone-nike-metal-swoosh-h86-unissex-1.jpg",1024,1024,false],"woocommerce_thumbnail":["https:\/\/cursolojawp.cursoemvideo.com\/loja-1\/wp-content\/uploads\/2020\/07\/bone-nike-metal-swoosh-h86-unissex-1-300x300.jpg",300,300,true],"woocommerce_single":["https:\/\/cursolojawp.cursoemvideo.com\/loja-1\/wp-content\/uploads\/2020\/07\/bone-nike-metal-swoosh-h86-unissex-1-600x600.jpg",600,600,true],"woocommerce_gallery_thumbnail":["https:\/\/cursolojawp.cursoemvideo.com\/loja-1\/wp-content\/uploads\/2020\/07\/bone-nike-metal-swoosh-h86-unissex-1-100x100.jpg",100,100,true],"variation_swatches_image_size":["https:\/\/cursolojawp.cursoemvideo.com\/loja-1\/wp-content\/uploads\/2020\/07\/bone-nike-metal-swoosh-h86-unissex-1.jpg",50,50,false],"variation_swatches_tooltip_size":["https:\/\/cursolojawp.cursoemvideo.com\/loja-1\/wp-content\/uploads\/2020\/07\/bone-nike-metal-swoosh-h86-unissex-1.jpg",100,100,false]},"uagb_author_info":{"display_name":"Gerente da Loja","author_link":"https:\/\/cursolojawp.cursoemvideo.com\/loja-1\/author\/"},"uagb_comment_info":0,"uagb_excerpt":"O bon\u00e9 ajust\u00e1vel Nike Metal Swoosh H86 possui um fecho customiz\u00e1vel na parte de tr\u00e1s para um ajuste personalizado.","brands":[{"id":73,"name":"Nike","slug":"nike"}],"_links":{"self":[{"href":"https:\/\/cursolojawp.cursoemvideo.com\/loja-1\/wp-json\/wp\/v2\/product\/1626","targetHints":{"allow":["GET"]}}],"collection":[{"href":"https:\/\/cursolojawp.cursoemvideo.com\/loja-1\/wp-json\/wp\/v2\/product"}],"about":[{"href":"https:\/\/cursolojawp.cursoemvideo.com\/loja-1\/wp-json\/wp\/v2\/types\/product"}],"replies":[{"embeddable":true,"href":"https:\/\/cursolojawp.cursoemvideo.com\/loja-1\/wp-json\/wp\/v2\/comments?post=1626"}],"wp:featuredmedia":[{"embeddable":true,"href":"https:\/\/cursolojawp.cursoemvideo.com\/loja-1\/wp-json\/wp\/v2\/media\/1627"}],"wp:attachment":[{"href":"https:\/\/cursolojawp.cursoemvideo.com\/loja-1\/wp-json\/wp\/v2\/media?parent=1626"}],"wp:term":[{"taxonomy":"pwb-brand","embeddable":true,"href":"https:\/\/cursolojawp.cursoemvideo.com\/loja-1\/wp-json\/wp\/v2\/pwb-brand?post=1626"},{"taxonomy":"product_brand","embeddable":true,"href":"https:\/\/cursolojawp.cursoemvideo.com\/loja-1\/wp-json\/wp\/v2\/product_brand?post=1626"},{"taxonomy":"product_cat","embeddable":true,"href":"https:\/\/cursolojawp.cursoemvideo.com\/loja-1\/wp-json\/wp\/v2\/product_cat?post=1626"},{"taxonomy":"product_tag","embeddable":true,"href":"https:\/\/cursolojawp.cursoemvideo.com\/loja-1\/wp-json\/wp\/v2\/product_tag?post=1626"}],"curies":[{"name":"wp","href":"https:\/\/api.w.org\/{rel}","templated":true}]}}